t.
12
Suppose 0 = 65*m + 40*m - 78645. Calculate the greatest common divisor of 21 and m.
7
Suppose 228*d + 2805 = 245*d. Calculate the highest common divisor of d and 75.
15
Suppose -4*k - f + 3677 + 14057 = 0, -4*k = 5*f - 17758. Calculate the highest common factor of k and 72.
8
Let y be (124 + -4)/(-8)*267/(-3). What is the greatest common divisor of 15 and y?
15
Let x be (6/(-4))/((-3)/8). Let q = -84 + 132. Suppose 0 = -828*t + 834*t - q. Calculate the highest common divisor of t and x.
4
Suppose -9*x - x + 2820 = 0. Suppose 4*z - 276 = 4*v, 2*z - 2*v - x = -2*z. What is the greatest common factor of 24 and z?
24
Suppose 4*w - 42 = y, -2*w + 2*y + 44 = 2*w. Suppose -162 = -v - c - 0*c, -3*c - 498 = -3*v. Let k = -84 + v. What is the highest common divisor of k and w?
10
Let h be ((-2)/4)/((-12)/1224). Let j = h - 3. Let k be 208/j - 4/(-6). Calculate the greatest common divisor of 35 and k.
5
Suppose -5*t = -5*n - 3689 - 2311, -2*t + 3*n + 2396 = 0. Calculate the highest common divisor of t and 2236.
172
Let r be (15 + -18)/(3405/(-567) - -6). What is the greatest common divisor of 2205 and r?
63
Let o = -79 - -179. Suppose -156*t - 144*t = -13*t - 45920. What is the greatest common factor of o and t?
20
Suppose -14*r = -308 + 98. Let u be (-2 + -2 - -2)*-1. Suppose -5*q - 30 = -u*d, -8*d + 4*q = -3*d - 75. What is the greatest common factor of r and d?
15
Suppose -5*x + q = -7, 3*x - 3 = -q + 2*q. Suppose -x*w + 3*w = 56. Suppose -5*s - 3*c = -43 + 6, 3*s = c + 25. What is the highest common factor of w and s?
8
Let w = 563 - 276. Let t = w - 276. What is the highest common factor of t and 22?
11
Let l be (120/100)/(9/255). Let k = 3 + 116. What is the greatest common divisor of l and k?
17
Let d be (-10)/(-60) - 6/36*-815. Let i = -33 + 41. What is the greatest common divisor of i and d?
8
Suppose r - 59 = 73*o - 72*o, 3*r - 2*o - 178 = 0. Calculate the greatest common divisor of r and 795.
15
Let n(w) = 3*w + 16. Let v be n(-4). Let y be 38*(4 - (v + -26))/4. Calculate the highest common divisor of 13 and y.
13
Suppose -4*x + 24 = -4*f, -2*x = -4*x + f + 17. Let z = 11 - x. Suppose -8*n + 3*n + 575 = z. Calculate the highest common divisor of n and 23.
23
Let f = -605 - -319. Let z = -29 + f. Let n be (z/15)/(2/(-6)). Calculate the highest common factor of 9 and n.
9
Suppose 3*n = -2*c + 47, 7*n - 78 = 2*n - 3*c. Suppose -141*v = -145*v + 16. Let t be v - 4/(12 - 8). What is the highest common divisor of t and n?
3
Let k = 4887 - -104. Calculate the greatest common factor of k and 322.
161
Suppose -5*h + 0*h = -30. Let j = -10 - -146. Suppose -j = -10*r + 44. What is the greatest common divisor of r and h?
6
Let a(z) = 935*z + 12132. Let n be a(-12). What is the greatest common factor of n and 168?
24
Suppose -1515 = -5*a + 5*s, 3*a + 3*a + s = 1776. Let j = 19 - -8. Calculate the greatest common factor of j and a.
27
Let t be (-22211)/(-171) - (-9)/81. Suppose -7*l + 6*l = -6. Suppose -t = -l*c + 134. What is the highest common divisor of c and 11?
11
Let k be (10 + 0)/((-136)/(-3332)). Let b = k - 176. Calculate the greatest common divisor of b and 115.
23
Suppose 259*m - 91648 - 63621 + 9970 = 0. Calculate the highest common factor of 1377 and m.
51
Let x = 17 + 71. Let p = -21 + x. Suppose -70*h + p*h = -234. What is the greatest common factor of h and 6?
6
Suppose 8*n - 5*n + 11*n = 5600. Calculate the highest common divisor of 2500 and n.
100
Let j be (18 - 2) + (167 - 123). What is the highest common factor of j and 340?
20
Let j be 36162/189 + 5/((-60)/(-8)). What is the greatest common factor of 168 and j?
24
Let p = 153 + 127. Suppose 5*w - b = 280, 9*w - 4*w - 4*b - p = 0. Suppose 2*q - 1 = 15. Calculate the highest common factor of q and w.
8
Let g(z) be the second derivative of z**4/12 - 2*z**3 + 157*z**2/2 - 241*z. Let i be g(13). Calculate the highest common divisor of i and 34.
34
Suppose 0*j - 276 = -3*j. Let q = -172 + j. Let u = 97 + q. Calculate the greatest common factor of 51 and u.
17
Suppose b + 4*k = 3971, 3*k = 49*b - 44*b - 19993. What is the highest common factor of 170 and b?
85
Let g(k) = -k - 9. Let w be g(-8). Let c be (3 + (-16)/6)*27. Let r be w/(c/3) + (-237)/(-9). Calculate the greatest common divisor of 65 and r.
13
Suppose 3*v + c = 40, 36*v - 35*v + 10 = -5*c. Calculate the highest common factor of 4520 and v.
5
Suppose f + f - 8 = 0, -526 = -2*k + 5*f. Suppose -k = -4*v + 111. Let p = -40 + v. What is the greatest common divisor of 7 and p?
7
Suppose -5*g = -5*d + 25, -d - 1 = -2*g - 6. Let r be 0 - g - (11 + -28). Let f be 1/((-2)/(-6) + (-1330)/4080). What is the highest common factor of f and r?
17
Let f(w) = 3*w**3 - w - 2. Let p be f(2). Suppose -376*g = -374*g + 2*s - 86, -3*g + 89 = -2*s. What is the highest common divisor of g and p?
5
Let a be (2 - -1)/((-132)/(-114) + -1). Let s = 32 - a. Suppose 227 + 319 = s*x. What is the greatest common divisor of x and 63?
21
Let q be 595848/1320 - (-2)/(-5). What is the greatest common factor of 3649 and q?
41
Let f(t) = -2*t**3 + 31*t**2 - 117*t + 6. Let i be f(8). Calculate the highest common factor of 705 and i.
15
Suppose -5*a - 5*g = -850, -832 = -5*a + 19*g - 15*g. What is the highest common factor of a and 552?
24
Let z be ((-12)/26)/(-3) + 193397/533. Let u = 1085 - z. Calculate the highest common divisor of 76 and u.
38
Suppose -532 = -4*x + 4*t, x - 3*t - 127 = -0*x. Suppose 0 = 23*z + x - 205. Calculate the greatest common factor of z and 201.
3
Let o = -33 + 31. Let u be (o/5)/((-2)/10*1). Suppose 233 = u*i + c + 10, -5*i = c - 559. Calculate the greatest common divisor of i and 8.
8
Suppose -5*p + 110 = m, -141*p + 143*p - 2*m - 44 = 0. What is the highest common factor of 44 and p?
22
Let q = -57 - -56. Let a be (-3)/(-4) + q - (-1)/4. Suppose 4*k - 70 = -2*y, a*y + 2*y - 5*k - 25 = 0. What is the highest common divisor of y and 10?
5
Let y = -96 - -87. Let g(d) = 3 + 4*d + 17 + 11 - 48 + d**2. Let n be g(y). What is the highest common factor of n and 56?
28
Let q(s) = 2*s**2 + 88*s + 1026. Let j be q(-27). Calculate the greatest common divisor of 3456 and j.
108
Suppose -2*n - k + 15 = 0, -3*k = -0*n - n - 10. Calculate the highest common factor of n and 35.
5
Let i(s) = s**3 - 36*s**2 - 17*s - 139. Let j be i(37). What is the greatest common factor of 1 and j?
1
Let i be (-153)/(-6)*(-2)/(-3). Let r be (520/364)/(2/42). Suppose g - r = -i. Calculate the highest common divisor of g and 39.
13
Let w(q) = -9*q**3 - q**2 + 7*q - 3. Let a be w(-2). Suppose -434*i = -431*i - a. What is the highest common factor of i and 680?
17
Let s(n) = 2*n**2 - 78*n + 295. Let d be s(48). What is the highest common factor of d and 513?
19
Let s = 9 - 9. Suppose s*d + 5*d = 240. Let y be (-3 + -4 + 11)*30. What is the greatest common factor of d and y?
24
Let t(k) = -k + 4. Let w be t(-5). Suppose -w*x = -35 - 19. Calculate the highest common factor of x and 144.
6
Let o = -21 + 11. Let a be 2/4 - ((-585)/o)/(-9). Suppose -4*t + 14*t = 210. What is the greatest common factor of t and a?
7
Suppose 17 = 3*g + 5*n, 2*g - 2*n + 6*n = 12. Suppose 0 = -v + g*v - 3*h - 102, h + 186 = 5*v. Calculate the highest common divisor of v and 133.
19
Let b = 98 + -163. Let a = -54 - b. Calculate the highest common factor of 1 and a.
1
Let q = 32312 - 25708. Calculate the highest common divisor of 364 and q.
52
Let l be -1 - (-3*(-264)/45)/(126/(-315)). What is the greatest common divisor of l and 55427?
43
Let o(g) = 64*g**2 - 4*g. Let j be o(-1). Suppose 4*h = -v + j, -2 = -0*h - h. Calculate the highest common divisor of 135 and v.
15
Let p(x) be the second derivative of -30*x + 0 + 49/2*x**2 - 1/6*x**3. Let i be p(-5). Calculate the greatest common divisor of 27 and i.
27
Let f = 4497 - 4488. What is the greatest common factor of 1611 and f?
9
Let c be 8 + 13/(39/(-12)) - -4620 - -6. Calculate the greatest common divisor of c and 10.
10
Suppose 4*k + 2*n + 3*n - 307 = 0, 0 = 2*n + 2. Let f = -70 + k. Calculate the greatest common divisor of f and 3.
1
Suppose -36*c + 2818 - 334 = 0. What is the highest common factor of 3 and c?
3
Suppose -377 + 134 = 27*k. Let o be 3365/20 + k/36. Calculate the greatest common divisor of o and 105.
21
Suppose 30 = 3*c + 4*t -